 - 860. Is j(-11) composite?
True
Let y be -5*(-18)/(-30) + 17/1. Let i be (24/y)/((-13)/91). Let h(z) = -38*z + 13. Is h(i) a prime number?
False
Let z(t) = 50*t - 346. Let g be z(7). Suppose -4*o + 44803 = -3*b, -g*b = -1 + 21. Is o a composite number?
False
Let s = 204 + -303. Let k = 154 + s. Is k/1 - (-1 - -1) a prime number?
False
Let k = -421 - -423. Let p be 0 - -2 - (-2 + -1). Suppose -5*b - p*x + 540 = 0, -70 = -k*b + x + 140. Is b a prime number?
False
Let u = 225497 + -121038. Is u composite?
False
Let a(l) = 330*l - 14. Let r(g) = 1. Let k(d) = -a(d) - 3*r(d). Is k(-2) composite?
True
Suppose 0*t = 5*t + 25. Is (-1118)/t - ((-56)/(-10) + -5) prime?
True
Suppose -281346 + 65520 = -78*r. Is r a composite number?
False
Let u(w) be the second derivative of 7*w**4/6 + 2*w**3/3 - 5*w**2 + 15*w. Let c be u(-18). Suppose c = 3*q - q. Is q a prime number?
False
Let z = 93 + -216. Let t = -15 + -11. Let w = t - z. Is w prime?
True
Suppose -45*f + 5*f + 3345443 - 342283 = 0. Is f a prime number?
True
Suppose -25 = -4*q - 13. Suppose 4*a - 975 - 34972 = -3*s, 0 = 2*a - q*s - 17987. Is a prime?
False
Suppose 62*p - 66*p + 480 = 0. Suppose -475620 = p*g - 132*g. Is g a composite number?
True
Suppose -2*h - 5*r = -10, 3*h - 15 = -3*r + r. Suppose p = -2*p + h*f + 439, 0 = 5*p + 2*f - 773. Let l = p - 79. Is l prime?
False
Suppose -4*c = -2*x - 84366, 69*x - 21099 = -c + 71*x. Is c a composite number?
False
Let v = -50 - -178. Suppose -s + 6*s + v = -c, 0 = -4*s - 2*c - 106. Let j = 60 - s. Is j composite?
True
Let o = 37 + -44. Let h = o + -1184. Let k = h - -1840. Is k prime?
False
Let x(s) = -s**3 + 9*s**2 - 8*s + 10. Let f(v) = -v**3 - 13*v**2 + v + 21. Let d be f(-13). Let h be x(d). Is 4/h + 14109/15 prime?
True
Let j(s) = s**3 + 19*s**2 - 41*s + 23. Let k be j(-21). Suppose 2*g + k*g = -x + 1485, 3*g = x + 1112. Is g a prime number?
False
Let y = -254 + 233. Is (-7)/(49/y) + 3268 composite?
False
Suppose 3*v - 687 = -2*m, 983 + 399 = 4*m - 2*v. Let w = -262 + m. Is w a prime number?
True
Let p(d) = -18. Let o(h) = h + 91. Let x(l) = -2*o(l) - 11*p(l). Let k be x(9). Is (-10)/25*-5 + (175 - k) composite?
False
Let y be 0/((-3)/(-3) - -1). Suppose y = d - 6*d + 1615. Let f = -132 + d. Is f composite?
False
Suppose -6*d + 2*g = -2*d - 30, -5*d + 32 = 3*g. Suppose 0 = 3*y - 0*y - 7209. Is ((-2)/(6/d))/((-9)/y) a prime number?
False
Let u = -58 + 63. Suppose u*g = 13550 + 28715. Let o = g + -5656. Is o a composite number?
False
Let x(z) be the second derivative of z**5/20 - 5*z**4/3 + 25*z**3/6 + 13*z**2/2 - 5*z. Suppose 0 = 5*a - 6*a + 19. Is x(a) a composite number?
False
Is (2580/192 + -13)*-4 + 3933243/4 a composite number?
True
Suppose 4 = 2*g, -26*i = -25*i + 2*g - 71409. Suppose -89*r + 94*r - i = 0. Is r prime?
True
Let c(y) = -765*y**2 + 4*y - 6. Let v(x) = 764*x**2 - 3*x + 7. Let f(q) = -6*c(q) - 7*v(q). Let d(o) be the first derivative of f(o). Is d(-1) composite?
True
Suppose m + 2*f = 94491, 19*m + 2*f + 472467 = 24*m. Is m prime?
False
Let i(v) = 16*v**3 - 41*v**2 + 34*v - 27. Let f(y) = 9*y**3 - 21*y**2 + 17*y - 14. Let o(l) = -5*f(l) + 3*i(l). Is o(12) prime?
False
Suppose 4*n + 3*r - 3485 = 0, -r + 2620 = -8*n + 11*n. Let t = 2274 - n. Is t prime?
True
Suppose 2*j - 320 = -5*r, 0 = 2*j + 2*j - 20. Let a = 60 - 24. Let p = r - a. Is p composite?
True
Let l = -112 - -175. Let w = 829 - 431. Let g = w - l. Is g a prime number?
False
Let d(b) = -7*b + 22. Let k be d(4). Let g(i) = i**3 + 9*i**2 + 11*i - 5. Is g(k) a composite number?
False
Let u = -176263 + 386654. Is u a composite number?
False
Suppose -91104 + 12866 - 65306 = -24*f. Is f composite?
False
Let n = -153332 + 271093. Is n composite?
True
Let h(l) = -35*l + 38*l + 77*l**2 + 1 + 4. Is h(-2) prime?
True
Is 2/(-128)*8*(2 + -620730) prime?
True
Let f be (-1468576)/(-40) - 6/(-10). Suppose 14*s - 21*s = -f. Suppose -4*i = 2*p - 4196, -2*i + s = 3*i + 2*p. Is i a prime number?
True
Let d(q) = q**3 + 24*q**2 + 12*q + 2. Let l be d(-25). Let b = -520 - l. Suppose 0 = 2*f - 3*h - 1977, -5*f - b = 5*h - 5383. Is f composite?
True
Let o = 80519 - 37297. Is o a prime number?
False
Let a = -2720 - -4651. Is a composite?
False
Is (-1)/(-94494*(-84)/7937532 + -3 + 2) a prime number?
False
Let j(p) = p**3 - 2*p + 6. Let r be j(0). Is 36725/r - (-6)/36 composite?
False
Let s be ((-11747)/(-68))/(2/176*2). Suppose s = 4*j - 55203. Is j a prime number?
False
Let g = -29342 + -5489. Is (g/(-2) + 10)*(-4)/(-6) a prime number?
True
Suppose -12*c = 13 + 11. Let v be 7 + 0 + c + (-1 - 1). Suppose -3789 = -s + 4*r, -v*s - 2*r - 1902 + 13325 = 0. Is s a prime number?
False
Let f(o) = -2*o - 1. Let l be f(-2). Let w be 1940*(-450)/20*2/(-20). Suppose -l*i = w - 11292. Is i prime?
True
Let n(l) = 171*l**3 - l**2 - 4*l + 135. Is n(7) composite?
False
Let w(c) = 17596*c**2 + 43*c - 76. Is w(5) a prime number?
True
Let x(p) = -5*p**2 + 86*p - 23. Let h(o) = -9*o**2 + 171*o - 45. Let v(i) = 2*h(i) - 5*x(i). Is v(24) composite?
True
Let a = -15 + 12. Let r be 3134/a*(-6)/(-4)*-1. Suppose -3*z - 515 = -3*n + 2*n, -r = -3*n - 2*z. Is n a composite number?
False
Is (-2430374)/(-54) + 10/135 a composite number?
False
Suppose -3 + 0 = 3*w. Let d be (w - (-2)/6)/(4/(-42)). Suppose -d*f + 442 = 3*t - 3*f, 440 = 3*t + 2*f. Is t composite?
True
Let x(w) be the second derivative of 437*w**3/3 + 101*w**2/2 - 74*w. Is x(12) composite?
False
Let k(p) be the third derivative of -5*p**4/24 + 127*p**3/2 - 48*p**2. Is k(0) a composite number?
True
Let f = -90269 - -150780. Is f composite?
True
Suppose 3*k - 4 = 2*k. Suppose t = -1, k*t + 28 + 3 = 3*f. Is (-2931)/f*(2 - 5) prime?
True
Suppose 3*x - 58 = 50. Suppose 5227 = x*o - 35*o. Is o composite?
False
Is (-9)/((-216)/(-1957864))*(-1 - 2) a composite number?
False
Let v = 114674 + 92889. Is v a prime number?
True
Suppose -130314 = -239*d + 242*d. Let k = -25985 - d. Is k a prime number?
False
Suppose -3*l + 97 - 22 = 0. Let g be (-5 + 140/l)/((-1)/5). Let h(d) = -293*d - 2. Is h(g) composite?
False
Let h be (-6)/((-8)/(-4)) - (43 - 0). Let d = -41 - h. Suppose d*s + j = 1052, j - 2*j + 419 = 2*s. Is s a prime number?
True
Let a be 80/(-25)*((-15)/6 - 0). Suppose -a*s - 5*v - 19 = -11*s, 3*v = 3*s - 15. Suppose 2*b + 5*w - w = 2346, 0 = -s*b - 2*w + 3527. Is b prime?
False
Let z(j) = 269*j**2 - 465*j + 14. Is z(4) prime?
False
Let d(a) be the third derivative of 17*a**5/60 - 55*a**4/24 - 19*a**3/6 + a**2. Is d(18) prime?
False
Let m = -80 - -122. Let n = m + -39. Is (2 - n/2)/(5/5410) prime?
True
Let k(d) = -2*d**2 - 8*d + 11. Let b be k(-10). Let r = -5 + b. Let u = -76 - r. Is u a composite number?
True
Let w(h) = -h**3 + 20*h**2 - 22*h + 51. Let x be w(19). Is ((-33)/(-11))/(x/(-3070)) composite?
True
Let b(j) = 20*j + 9*j**2 + 1 + 0 + j**3 + 3 - 30*j**2. Let f be b(20). Suppose -4*h - 3*l = 2*l - 18957, f*h - 3*l = 18917. Is h composite?
False
Suppose 1426 = d - 11841. Let f = d + -6658. Is f a prime number?
False
Let s(k) = -k**3 + 26*k**2 + 24*k + 83. Let c be s(27). Suppose -2*j = c, -i - 2406 = -6*i + j. Is i a composite number?
True
Let x(m) = -7*m + m + 4*m - 8*m - 6 - m**2. Let h be x(-9). Suppose h*i - 158 = 595. Is i a composite number?
False
Let s(x) be the first derivative of 11*x**3/3 - 161*x**2/2 + 17*x + 125. Is s(24) composite?
True
Let z = -113 + 138. Let y be -5*((-6105)/z + -2). Let t = y + -648. Is t a prime number?
False
Is -7 + (-2066514)/(-21) + (-472)/56 + 9 a composite number?
True
Let l be (-45)/30 + 1/2*-25. Let t = l - -16. Is (2466/12)/(3/t + -1) a prime number?
False
Let m = 6061 - 3860. Let c = 5335 - m. Is c a composite number?
True
Let o(p) = 21*p - 9 + 2*p**2 - 51 + 9 + 5*p**3. Is o(10) a composite number?
True
Let d(f) = -f**2 + 19*f + 6. Suppose 11 = 2*y + 1. Suppose y*z - 8 = 4*z. Is d(z) composite?
True
Let r = 66286 - 38105. Is r composite?
False
Let c = 61 + -58. Suppose n = 2*d - 5008, -2*d = -c*d + 4*n + 2511. Is d prime?
True
Let v be (-5 + 2)*(-2 + 1). Let h(o) = 52*o**2 + 35*o - 204. Let f be h(18). Suppose -v*j - 5*k - 1471 = -18751, 3*k = -3*j + f. Is j a composite number?
True
Is 6946/1 + (-14 - 15/(-1)) prime?
True
Suppose -b = 4*o - 505, -o - 941 - 105 = -2*b. Let i = 892 - b. Is i prime?
False
Suppose 5*l - 